{"id":684,"date":"2021-04-06T19:01:49","date_gmt":"2021-04-06T19:01:49","guid":{"rendered":"http:\/\/www.iatifema.com.br\/?page_id=684"},"modified":"2026-04-16T15:33:24","modified_gmt":"2026-04-16T18:33:24","slug":"pre-incubadas","status":"publish","type":"page","link":"https:\/\/www.iatifema.com.br\/index.php\/pre-incubadas\/","title":{"rendered":"Pr\u00e9-Incubadas"},"content":{"rendered":"\n<div class=\"wp-block-media-text alignwide\" style=\"grid-template-columns:27% auto\"><figure class=\"wp-block-media-text__media\"><img loading=\"lazy\" decoding=\"async\" width=\"500\" height=\"500\" src=\"https:\/\/www.iatifema.com.br\/wp-content\/uploads\/2026\/04\/Nadia.jpeg\" alt=\"\" class=\"wp-image-2403 size-full\" srcset=\"https:\/\/www.iatifema.com.br\/wp-content\/uploads\/2026\/04\/Nadia.jpeg 500w, https:\/\/www.iatifema.com.br\/wp-content\/uploads\/2026\/04\/Nadia-300x300.jpeg 300w, https:\/\/www.iatifema.com.br\/wp-content\/uploads\/2026\/04\/Nadia-150x150.jpeg 150w\" sizes=\"auto, (max-width: 500px) 100vw, 500px\" \/><\/figure><div class=\"wp-block-media-text__content\">\n<p class=\"has-normal-font-size\">A NFagundes Solu\u00e7\u00f5es atua como correspondente banc\u00e1rio, que conecta clientes a diversas institui\u00e7\u00f5es financeiras, facilitando o acesso a cr\u00e9dito e outros produtos financeiros de forma r\u00e1pida, segura e personalizada. Atrav\u00e9s da plataforma, os clientes podem comparar ofertas de diferentes institui\u00e7\u00f5es, escolher a que melhor se adapta \u00e0s suas necessidades e realizar todo o processo de forma online, sem necessidade de ir a uma ag\u00eancia banc\u00e1ria. Atua trazendo facilidade e simplificando o processo de solicita\u00e7\u00e3o de cr\u00e9dito e outros produtos financeiros. <br><strong>Instagram: <\/strong>@ nadia_fagundes_solucoes <br><strong>Contato: <\/strong> <a href=\"https:\/\/wa.me\/555535205014\" target=\"_blank\" rel=\"noreferrer noopener\">(55) 99166-7645<\/a> \/ (55) 99725-2129<\/p>\n<\/div><\/div>\n\n\n\n<div style=\"height:73px\" aria-hidden=\"true\" class=\"wp-block-spacer\"><\/div>\n\n\n\n<div class=\"wp-block-media-text alignwide\" style=\"grid-template-columns:27% auto\"><figure class=\"wp-block-media-text__media\"><img loading=\"lazy\" decoding=\"async\" width=\"515\" height=\"515\" src=\"https:\/\/www.iatifema.com.br\/wp-content\/uploads\/2026\/04\/ER-PRETO.png\" alt=\"\" class=\"wp-image-2406 size-full\" srcset=\"https:\/\/www.iatifema.com.br\/wp-content\/uploads\/2026\/04\/ER-PRETO.png 515w, https:\/\/www.iatifema.com.br\/wp-content\/uploads\/2026\/04\/ER-PRETO-300x300.png 300w, https:\/\/www.iatifema.com.br\/wp-content\/uploads\/2026\/04\/ER-PRETO-150x150.png 150w\" sizes=\"auto, (max-width: 515px) 100vw, 515px\" \/><\/figure><div class=\"wp-block-media-text__content\">\n<p class=\"has-normal-font-size\"> A ER Essencial Representa\u00e7\u00f5es atua com o prop\u00f3sito de proporcionar sa\u00fade e bem-estar aos seus clientes, oferecendo produtos que contribuem para a recupera\u00e7\u00e3o e manuten\u00e7\u00e3o da sa\u00fade como um direito essencial. Com fabrica\u00e7\u00e3o pr\u00f3pria e tecnologia exclusiva de nanotecnologia, os produtos  s\u00e3o altamente concentrados, permitindo uma absor\u00e7\u00e3o superior e efic\u00e1cia aumentada para o organismo. Al\u00e9m disso, tamb\u00e9m oferece uma linha de perfumes importados, composta por \u00edcones da perfumaria mundial, como Ferrari Black, 212 Ros\u00e9, 212 Black, 1 Million, Scandal, entre outros, produtos que trazem eleg\u00e2ncia e sofistica\u00e7\u00e3o para o dia a dia de seus clientes. Essa rela\u00e7\u00e3o baseada em confian\u00e7a e resultados permite criar n\u00e3o apenas uma base de clientes, mas verdadeiras amizades ao longo dessa jornada. <br><strong>Contato:<\/strong> (55)99697-6651<br><strong>Instagram: <\/strong>@essencial_representacoes_ofc <\/p>\n<\/div><\/div>\n\n\n\n<div style=\"height:35px\" aria-hidden=\"true\" class=\"wp-block-spacer\"><\/div>\n\n\n\n<div style=\"height:0px\" aria-hidden=\"true\" class=\"wp-block-spacer\"><\/div>\n\n\n\n<div class=\"wp-block-media-text alignwide\" style=\"grid-template-columns:27% auto\"><figure class=\"wp-block-media-text__media\"><img loading=\"lazy\" decoding=\"async\" width=\"1024\" height=\"265\" src=\"https:\/\/www.iatifema.com.br\/wp-content\/uploads\/2026\/04\/iagorajose_logo_sem-fundo-1024x265-1.png\" alt=\"\" class=\"wp-image-2407 size-full\" srcset=\"https:\/\/www.iatifema.com.br\/wp-content\/uploads\/2026\/04\/iagorajose_logo_sem-fundo-1024x265-1.png 1024w, https:\/\/www.iatifema.com.br\/wp-content\/uploads\/2026\/04\/iagorajose_logo_sem-fundo-1024x265-1-300x78.png 300w, https:\/\/www.iatifema.com.br\/wp-content\/uploads\/2026\/04\/iagorajose_logo_sem-fundo-1024x265-1-768x199.png 768w\" sizes=\"auto, (max-width: 1024px) 100vw, 1024px\" \/><\/figure><div class=\"wp-block-media-text__content\">\n<p><\/p>\n\n\n\n<p><\/p>\n\n\n\n<p class=\"has-normal-font-size\">A I Agora Jos\u00e9 Consultoria tem em seu escopo de trabalho analisar, diagnosticar e propor solu\u00e7\u00f5es personalizadas para melhorar as condi\u00e7\u00f5es dos clientes, transmitindo-lhes conhecimentos, compet\u00eancias, habilidades, comportamentos, conte\u00fados, conselhos, experi\u00eancias e outros fatores singulares de acordo com os par\u00e2metros dos servi\u00e7os demandados. Tendo por base o trabalho em conjunto, a I Agora Jos\u00e9 Consultoria busca a melhor rela\u00e7\u00e3o com o cliente, atrav\u00e9s de ferramentas tecnol\u00f3gicas, IA e rela\u00e7\u00f5es especiais de confian\u00e7a e franqueza, visando atingir crescimento e valor multidimensional para os clientes. Assim, busca identificar desafios organizacionais, inefici\u00eancias operacionais ou problemas financeiros e oferecer orienta\u00e7\u00f5es pr\u00e1ticas e estrat\u00e9gicas para super\u00e1-los. A I Agora Jos\u00e9 Consultoria entende que no mundo corporativo ningu\u00e9m progride fazendo melhor o que j\u00e1 fazia ontem. O progresso vem para aqueles que se antecipam ao amanh\u00e3.<br> <strong>Contato:<\/strong> (55)99689-7383<br><strong>Instagram: <\/strong>@iagorajose.consultor <\/p>\n<\/div><\/div>\n\n\n\n<div style=\"height:21px\" aria-hidden=\"true\" class=\"wp-block-spacer\"><\/div>\n\n\n\n<div class=\"wp-block-media-text alignwide\" style=\"grid-template-columns:27% auto\"><figure class=\"wp-block-media-text__media\"><img loading=\"lazy\" decoding=\"async\" width=\"672\" height=\"579\" src=\"https:\/\/www.iatifema.com.br\/wp-content\/uploads\/2026\/04\/lvision.jpg\" alt=\"\" class=\"wp-image-2410 size-full\" srcset=\"https:\/\/www.iatifema.com.br\/wp-content\/uploads\/2026\/04\/lvision.jpg 672w, https:\/\/www.iatifema.com.br\/wp-content\/uploads\/2026\/04\/lvision-300x258.jpg 300w\" sizes=\"auto, (max-width: 672px) 100vw, 672px\" \/><\/figure><div class=\"wp-block-media-text__content\">\n<p>A LVISION 3D atua com o prop\u00f3sito de transformar ideias em realidade, utilizando tecnologia de ponta em impress\u00e3o 3D para criar produtos que combinam inova\u00e7\u00e3o, personaliza\u00e7\u00e3o e qualidade. Seja para promover a identidade da sua marca com produtos personalizados, como chaveiros e itens com a sua logo, ou para decorar ambientes com pe\u00e7as exclusivas e funcionais, oferecemos solu\u00e7\u00f5es que atendem \u00e0s necessidades mais diversas. Com aten\u00e7\u00e3o aos detalhes e ao design, nossos produtos s\u00e3o desenvolvidos para entregar sofistica\u00e7\u00e3o e praticidade, agregando valor ao seu neg\u00f3cio ou ao dia a dia da sua casa. Cada pe\u00e7a \u00e9 criada com precis\u00e3o e durabilidade, garantindo resultados \u00fanicos e marcantes.<br> <strong>Contato:<\/strong>  <a rel=\"noreferrer noopener\" href=\"https:\/\/wa.me\/555535205014\" target=\"_blank\">(55) 99926-1479<\/a><br><strong>Instagram: <\/strong>@lvision.3d  <\/p>\n<\/div><\/div>\n\n\n\n<div style=\"height:0px\" aria-hidden=\"true\" class=\"wp-block-spacer\"><\/div>\n\n\n\n<div class=\"wp-block-media-text alignwide\" style=\"grid-template-columns:27% auto\"><figure class=\"wp-block-media-text__media\"><img loading=\"lazy\" decoding=\"async\" width=\"768\" height=\"1024\" src=\"https:\/\/www.iatifema.com.br\/wp-content\/uploads\/2026\/04\/raizes.jpg\" alt=\"\" class=\"wp-image-2411 size-full\" srcset=\"https:\/\/www.iatifema.com.br\/wp-content\/uploads\/2026\/04\/raizes.jpg 768w, https:\/\/www.iatifema.com.br\/wp-content\/uploads\/2026\/04\/raizes-225x300.jpg 225w\" sizes=\"auto, (max-width: 768px) 100vw, 768px\" \/><\/figure><div class=\"wp-block-media-text__content\">\n<p>Ra\u00edzes Fortes Consultoria baseia-se em princ\u00edpios b\u00edblicos como car\u00e1ter e honestidade, inspirando-se na Oliveira, s\u00edmbolo de recome\u00e7o e conex\u00e3o nos remetendo a Portugal, de onde vem as ra\u00edzes familiares dos S\u00f3cios Propriet\u00e1rios da Ra\u00edzes Fortes Consultoria. A empresa alia inova\u00e7\u00e3o tecnol\u00f3gica \u00e0s ra\u00edzes empresariais, oferecendo solu\u00e7\u00f5es pr\u00e1ticas e personalizadas. Seus principais servi\u00e7os incluem adequa\u00e7\u00e3o \u00e0 LGPD, consultoria trabalhista, adequa\u00e7\u00f5es societ\u00e1rias, an\u00e1lise de riscos financeiros e jur\u00eddicos, al\u00e9m de per\u00edcia judicial com elabora\u00e7\u00e3o de c\u00e1lculos e pareceres t\u00e9cnicos. O foco \u00e9 atuar de forma participativa, ajudando os clientes a encontrar as melhores solu\u00e7\u00f5es.<br> <strong>Contato:<\/strong>  <a href=\"https:\/\/wa.me\/555535205014\" target=\"_blank\" rel=\"noreferrer noopener\">(55) <\/a>99726-3780<br><\/p>\n<\/div><\/div>\n\n\n\n<div style=\"height:19px\" aria-hidden=\"true\" class=\"wp-block-spacer\"><\/div>\n\n\n\n<div class=\"wp-block-media-text alignwide\" style=\"grid-template-columns:27% auto\"><figure class=\"wp-block-media-text__media\"><img loading=\"lazy\" decoding=\"async\" width=\"500\" height=\"500\" src=\"https:\/\/www.iatifema.com.br\/wp-content\/uploads\/2026\/04\/magda.jpeg\" alt=\"\" class=\"wp-image-2414 size-full\" srcset=\"https:\/\/www.iatifema.com.br\/wp-content\/uploads\/2026\/04\/magda.jpeg 500w, https:\/\/www.iatifema.com.br\/wp-content\/uploads\/2026\/04\/magda-300x300.jpeg 300w, https:\/\/www.iatifema.com.br\/wp-content\/uploads\/2026\/04\/magda-150x150.jpeg 150w\" sizes=\"auto, (max-width: 500px) 100vw, 500px\" \/><\/figure><div class=\"wp-block-media-text__content\">\n<p>A Magda Solu\u00e7\u00f5es Alternativas Ltda \u00e9 uma empresa especializada em assessoria cultural, consultoria sobre a Lei de Licita\u00e7\u00f5es e mentoria para gestores administrativos. Seu principal objetivo \u00e9 oferecer solu\u00e7\u00f5es inovadoras e eficazes, auxiliando profissionais e organiza\u00e7\u00f5es a atuarem com seguran\u00e7a e efici\u00eancia. A empresa se destaca pelo compromisso com a \u00e9tica, responsabilidade e excel\u00eancia, transformando desafios em oportunidades e contribuindo para o crescimento e a competitividade de seus clientes em todo o Brasil.<br><strong>Contato:<\/strong>  (55) 99208-8356<br><strong>Instagram: <\/strong>@alvesfmagda <\/p>\n<\/div><\/div>\n\n\n\n<div style=\"height:5px\" aria-hidden=\"true\" class=\"wp-block-spacer\"><\/div>\n\n\n\n<div class=\"wp-block-media-text alignwide\" style=\"grid-template-columns:27% auto\"><figure class=\"wp-block-media-text__media\"><img loading=\"lazy\" decoding=\"async\" width=\"500\" height=\"500\" src=\"https:\/\/www.iatifema.com.br\/wp-content\/uploads\/2026\/04\/Renato-Pneus.png\" alt=\"\" class=\"wp-image-2415 size-full\" srcset=\"https:\/\/www.iatifema.com.br\/wp-content\/uploads\/2026\/04\/Renato-Pneus.png 500w, https:\/\/www.iatifema.com.br\/wp-content\/uploads\/2026\/04\/Renato-Pneus-300x300.png 300w, https:\/\/www.iatifema.com.br\/wp-content\/uploads\/2026\/04\/Renato-Pneus-150x150.png 150w\" sizes=\"auto, (max-width: 500px) 100vw, 500px\" \/><\/figure><div class=\"wp-block-media-text__content\">\n<p>Renato Pneus \u00e9 um auto center especializado na venda de pneus novos e usados, al\u00e9m da presta\u00e7\u00e3o de servi\u00e7os como consertos, socorro em estradas, balanceamento, geometria, troca de \u00f3leo e manuten\u00e7\u00e3o de suspens\u00e3o. Com compromisso e qualidade, a empresa busca oferecer solu\u00e7\u00f5es completas para garantir a seguran\u00e7a e o bom desempenho dos ve\u00edculos de seus clientes.<br><strong>Contato:<\/strong>  (55) 99983-4167 <\/p>\n<\/div><\/div>\n\n\n\n<div style=\"height:0px\" aria-hidden=\"true\" class=\"wp-block-spacer\"><\/div>\n\n\n\n<div class=\"wp-block-media-text alignwide\" style=\"grid-template-columns:26% auto\"><figure class=\"wp-block-media-text__media\"><img loading=\"lazy\" decoding=\"async\" width=\"500\" height=\"500\" src=\"https:\/\/www.iatifema.com.br\/wp-content\/uploads\/2026\/04\/walther-cafes.jpeg\" alt=\"\" class=\"wp-image-2417 size-full\" srcset=\"https:\/\/www.iatifema.com.br\/wp-content\/uploads\/2026\/04\/walther-cafes.jpeg 500w, https:\/\/www.iatifema.com.br\/wp-content\/uploads\/2026\/04\/walther-cafes-300x300.jpeg 300w, https:\/\/www.iatifema.com.br\/wp-content\/uploads\/2026\/04\/walther-cafes-150x150.jpeg 150w\" sizes=\"auto, (max-width: 500px) 100vw, 500px\" \/><\/figure><div class=\"wp-block-media-text__content\">\n<p> A Walther Caf\u00e9s surgiu para transformar a forma de consumir caf\u00e9 em Santa Rosa e regi\u00e3o. Especializada em caf\u00e9s especiais, valoriza a origem, qualidade dos gr\u00e3os e cuidado em todo o processo. Voltada para quem busca sabor e autenticidade, oferece experi\u00eancias sensoriais \u00fanicas \u2014 incluindo a linha pr\u00e1tica Drip Coffee, ideal para o dia a dia. Com aten\u00e7\u00e3o aos detalhes, convida voc\u00ea a redescobrir o prazer de um caf\u00e9 de verdade. <br><strong>Contato:<\/strong>  (55) 99936-6067<br><strong>Instagram: <\/strong>@walthercafes<\/p>\n<\/div><\/div>\n\n\n\n<div style=\"height:21px\" aria-hidden=\"true\" class=\"wp-block-spacer\"><\/div>\n\n\n\n<div class=\"wp-block-media-text alignwide\" style=\"grid-template-columns:26% auto\"><figure class=\"wp-block-media-text__media\"><img loading=\"lazy\" decoding=\"async\" width=\"690\" height=\"631\" src=\"https:\/\/www.iatifema.com.br\/wp-content\/uploads\/2026\/04\/alvo-1.jpeg\" alt=\"\" class=\"wp-image-2419 size-full\" srcset=\"https:\/\/www.iatifema.com.br\/wp-content\/uploads\/2026\/04\/alvo-1.jpeg 690w, https:\/\/www.iatifema.com.br\/wp-content\/uploads\/2026\/04\/alvo-1-300x274.jpeg 300w\" sizes=\"auto, (max-width: 690px) 100vw, 690px\" \/><\/figure><div class=\"wp-block-media-text__content\">\n<p>A ALVO \u00e9 uma consultoria em gest\u00e3o que integra produ\u00e7\u00e3o, administra\u00e7\u00e3o e finan\u00e7as para transformar processos em lucro. Com forte base em engenharia industrial e experi\u00eancia pr\u00e1tica em dire\u00e7\u00e3o empresarial, estrutura controles, indicadores e melhorias operacionais com foco em resultado mensur\u00e1vel. Seu diferencial est\u00e1 na atua\u00e7\u00e3o t\u00e9cnica e aplicada, conectando opera\u00e7\u00e3o e desempenho econ\u00f4mico para aumentar rentabilidade e previsibilidade das empresas.<\/p>\n\n\n\n<p class=\"has-normal-font-size\"><strong>Contato:<\/strong> (55) 9 991078601 <br><strong>Instagram: <\/strong>@<a href=\"https:\/\/www.instagram.com\/alvo.gestao.consultoria\/#\">alvo.gestao.consultoria<\/a><\/p>\n<\/div><\/div>\n\n\n\n<div style=\"height:53px\" aria-hidden=\"true\" class=\"wp-block-spacer\"><\/div>\n\n\n\n<div class=\"wp-block-media-text alignwide\" style=\"grid-template-columns:26% auto\"><figure class=\"wp-block-media-text__media\"><img loading=\"lazy\" decoding=\"async\" width=\"1024\" height=\"650\" src=\"https:\/\/www.iatifema.com.br\/wp-content\/uploads\/2026\/04\/scootway.jpeg\" alt=\"\" class=\"wp-image-2420 size-full\" srcset=\"https:\/\/www.iatifema.com.br\/wp-content\/uploads\/2026\/04\/scootway.jpeg 1024w, https:\/\/www.iatifema.com.br\/wp-content\/uploads\/2026\/04\/scootway-300x190.jpeg 300w, https:\/\/www.iatifema.com.br\/wp-content\/uploads\/2026\/04\/scootway-768x488.jpeg 768w\" sizes=\"auto, (max-width: 1024px) 100vw, 1024px\" \/><\/figure><div class=\"wp-block-media-text__content\">\n<p class=\"has-normal-font-size\">A Scootway \u00e9 uma startup de mobilidade urbana que oferece patinetes el\u00e9tricos como solu\u00e7\u00e3o sustent\u00e1vel, pr\u00e1tica e acess\u00edvel para deslocamentos de curta dist\u00e2ncia. Nosso prop\u00f3sito \u00e9 transformar a forma como as pessoas se locomovem nas cidades, reduzindo emiss\u00f5es de poluentes e impulsionando a inova\u00e7\u00e3o por meio de tecnologia pr\u00f3pria e foco na experi\u00eancia do usu\u00e1rio.<\/p>\n\n\n\n<p class=\"has-normal-font-size\"> <strong>Contato:<\/strong>  (55) 99963-5845<br><strong>Instagram: <\/strong>@scootwayofficial<\/p>\n<\/div><\/div>\n\n\n\n<p><\/p>\n\n\n\n<p><\/p>\n\n\n\n<p><\/p>\n","protected":false},"excerpt":{"rendered":"<p>A NFagundes Solu\u00e7\u00f5es atua como correspondente banc\u00e1rio, que conecta clientes a diversas institui\u00e7\u00f5es financeiras, facilitando o acesso a cr\u00e9dito e outros produtos financeiros de forma r\u00e1pida, segura e personalizada. Atrav\u00e9s da plataforma, os clientes podem comparar ofertas de diferentes institui\u00e7\u00f5es, escolher a que melhor se adapta \u00e0s suas necessidades e [&hellip;]<\/p>\n","protected":false},"author":1,"featured_media":0,"parent":0,"menu_order":0,"comment_status":"closed","ping_status":"closed","template":"page-templates\/template-fullwidth.php","meta":{"footnotes":""},"class_list":["post-684","page","type-page","status-publish","hentry"],"_links":{"self":[{"href":"https:\/\/www.iatifema.com.br\/index.php\/wp-json\/wp\/v2\/pages\/684","targetHints":{"allow":["GET"]}}],"collection":[{"href":"https:\/\/www.iatifema.com.br\/index.php\/wp-json\/wp\/v2\/pages"}],"about":[{"href":"https:\/\/www.iatifema.com.br\/index.php\/wp-json\/wp\/v2\/types\/page"}],"author":[{"embeddable":true,"href":"https:\/\/www.iatifema.com.br\/index.php\/wp-json\/wp\/v2\/users\/1"}],"replies":[{"embeddable":true,"href":"https:\/\/www.iatifema.com.br\/index.php\/wp-json\/wp\/v2\/comments?post=684"}],"version-history":[{"count":19,"href":"https:\/\/www.iatifema.com.br\/index.php\/wp-json\/wp\/v2\/pages\/684\/revisions"}],"predecessor-version":[{"id":2632,"href":"https:\/\/www.iatifema.com.br\/index.php\/wp-json\/wp\/v2\/pages\/684\/revisions\/2632"}],"wp:attachment":[{"href":"https:\/\/www.iatifema.com.br\/index.php\/wp-json\/wp\/v2\/media?parent=684"}],"curies":[{"name":"wp","href":"https:\/\/api.w.org\/{rel}","templated":true}]}}